 Let r = g - -62. What is the greatest common divisor of r and 319?
11
Let l = 430 - 548. Let u = l - -244. Calculate the highest common divisor of u and 72.
18
Suppose -1835*z - 5841 = -1846*z. Calculate the highest common divisor of 81 and z.
9
Let h = 722 - 467. Let t = -485 + 570. Calculate the greatest common factor of t and h.
85
Let d be (-680)/(-26) - (-4)/(-26). Let k = 54 - d. Calculate the highest common factor of 12 and k.
4
Suppose 4*w - 944 = -2*o, -3*w + 869 - 161 = -3*o. Let t = w + -60. Calculate the greatest common factor of t and 66.
22
Suppose 0 = n - 4*n - 4*n. Suppose n = -2*a - 19 + 7. Let j(u) = u**2 + 5*u + 9. Let c be j(a). Calculate the highest common factor of 15 and c.
15
Let s = -5051 - -12055. What is the highest common factor of s and 68?
68
Suppose -23*x - 2*i - 56 = -27*x, -136 = -9*x + 2*i. Calculate the highest common factor of 200 and x.
8
Suppose 464 = 40*n + 18*n. Suppose -n*d + 2346 = -22. What is the greatest common divisor of 111 and d?
37
Let z = -60 - -64. Suppose -h - z*f = -8, -4*f = f + 25. What is the greatest common factor of 28 and h?
28
Let y(u) = u**3 + 5*u**2 + 3*u - 6. Let i be y(-3). Let c be 2/i + (1 - 38/(-6)). What is the highest common divisor of c and 136?
8
Suppose 4*r + 2*n = -194, 5*r = -10*n + 8*n - 244. Let u = r - -64. What is the greatest common factor of u and 49?
7
Let a be 3/(-5)*(-1 + 6). Let c = a - -13. Suppose 4*r - 3*z + 12 = 7*r, 0 = -2*z + 4. Calculate the greatest common factor of c and r.
2
Suppose -267*i + 6638 = -18727. Calculate the greatest common factor of 1273 and i.
19
Let k = -1172 + 2138. Calculate the greatest common divisor of 345 and k.
69
Let z = -166 + 386. Let i(c) = -c**2 - 2*c + 52. Let y be i(-8). Suppose -43 - 37 = -y*t. Calculate the highest common divisor of z and t.
20
Suppose -3*x = -5*l - 169, x - 91 = -x - l. Let w = 240 - 242. Let a be 5*(w + (-80)/(-25)). Calculate the highest common factor of x and a.
6
Let j(d) = 2*d**2 - 12*d + 49. Let g = 124 - 109. Let l be j(g). What is the highest common divisor of l and 11?
11
Suppose -74*h + 69*h = -250. Calculate the greatest common divisor of h and 175.
25
Suppose -4*z + 4*u + 26 = -2, -5*z + 30 = -4*u. Suppose -4*y - 7 = -n + 35, z*n - 102 = -y. Calculate the highest common factor of n and 5.
5
Let h(u) = 2*u**2 - 175*u - 2271. Let y be h(99). Calculate the greatest common factor of 790 and y.
2
Let x = 1870 - 748. Calculate the greatest common divisor of x and 132.
66
Suppose 4*z = 95*x - 98*x + 3343, -4*z + 3*x + 3313 = 0. Calculate the highest common divisor of z and 91.
13
Let k(y) = -118*y - 56. Let b be k(-3). Let o = 361 - b. Let u be 4*(0 + (-21)/(-4)). What is the highest common divisor of u and o?
21
Let a(v) = 3*v**2 + 18*v + 13. Let h be a(-7). Let z(d) = 2*d + 104. Let u be z(50). What is the highest common factor of u and h?
34
Let f(s) = -9*s**3 - 3*s**2 - 13*s - 55. Let p be f(-6). What is the greatest common factor of p and 286?
143
Suppose 3*j - 745 = m, -488 = -2*j - 0*j + 5*m. Suppose j = -2*f - r, 4*f + 2*r - 3*r = -489. Let s = -74 - f. What is the greatest common factor of 7 and s?
7
Suppose 2*q = 3*q. Suppose q = -4*h + 4 + 16. Suppose -5*g - 3*d = 2*d, -h*d = -2*g + 14. What is the highest common factor of 8 and g?
2
Let k be (1160/(-35) - (-1)/7)*-1. Let x = 120 - 76. Suppose -4*z + x = -0*z. What is the highest common factor of k and z?
11
Let l = 394 - 146. Suppose -58 + l = 2*s. Let x = -71 + s. Calculate the highest common divisor of x and 32.
8
Let x be 812820/7866 - 1/((-6)/4). What is the highest common divisor of 10764 and x?
52
Suppose 0*t = -t + 36. Suppose 3*f = -45, -102*z = -98*z - 6*f - 1290. Calculate the highest common divisor of t and z.
12
Let x be (265/4)/((-5)/(-20)). Suppose x - 73 = 4*t. Suppose 3*q - 28 = 2*o, 2*q + 4*o - o - 36 = 0. What is the highest common factor of t and q?
12
Suppose -n = -4*n + p + 331, -5*n + 553 = -2*p. Let i = 146 - n. Calculate the highest common divisor of i and 37.
37
Suppose 0*r - 2*r = -8. Suppose r*s = g + 928, -g = 3*s - 0*g - 689. Let i be (-32)/(-168)*3 + (-286)/(-14). What is the highest common divisor of i and s?
21
Let j = -4491 - -4513. Calculate the greatest common factor of 1133 and j.
11
Let f be 25/30 + 2/12. Let a be (f - (-76)/(-12))*(-66)/8. Let k(w) = w + 11. Let i be k(0). Calculate the highest common divisor of a and i.
11
Let q(h) = h**3 + 54*h**2 - 496*h + 136. Let v be q(-62). Calculate the highest common divisor of 17 and v.
17
Let d(c) = -17*c - 11. Let m be d(1). Let u be m/(-5) - (264/40)/11. Calculate the highest common factor of 225 and u.
5
Let w(k) = 219*k + 2057. Let l be w(11). Calculate the greatest common factor of l and 154.
154
Suppose -3*s = -43*d + 45*d - 267, -12 = -4*s. Let t be 554 + (4 - 0) - (3 + -4). Calculate the greatest common factor of t and d.
43
Let n be 3/((-6)/2) + 76. Let r = 2221 + -2206. Calculate the greatest common factor of r and n.
15
Let m(s) = 14*s + 29 - 41 + 22 + 11 + 3*s**2. Let l be m(-6). What is the highest common divisor of l and 5?
5
Suppose 0 = 4*b + 2*d + 3*d - 803, 0 = -2*b - d + 409. Let v be (-4)/(438/(-1560) - (-1)/4). Let l = v - 107. What is the greatest common factor of b and l?
23
Let t = -894 + 2274. What is the highest common divisor of 184 and t?
92
Let r be ((-2756)/(-40))/(3/30). What is the highest common factor of r and 52?
13
Let q = -293 - -281. Let b be 18/((-54)/q + -3). What is the highest common factor of b and 276?
12
Suppose 0 = -8*c + 26342 - 6734. What is the highest common factor of 258 and c?
129
Let q = 10020 - 5076. What is the highest common divisor of 12 and q?
12
Let t(a) = -a**3 - 40*a**2 - 6*a + 72. Let w be t(0). Calculate the greatest common factor of w and 9972.
36
Suppose 2*i + q + q = -6818, -10229 = 3*i + q. Let r be 3/(-7) + i/(-35). Suppose r = 5*z - 38. What is the greatest common factor of 108 and z?
27
Suppose 0 = -32*a + 19*a + 52. Let d be ((-1)/(a/(-3)))/(45/660). Calculate the highest common divisor of d and 341.
11
Let n(x) = 28*x - 3874. Let m be n(139). What is the greatest common divisor of m and 2655?
9
Suppose -4727 = -5*u - a, 1708*u = 1713*u - 3*a - 4739. What is the highest common factor of u and 33?
11
Let o be (-1791)/(-90) - (-4)/40. Let w = o - -104. Calculate the greatest common factor of 155 and w.
31
Let h be -100*(-1 + 6/30*27). Let g = 536 + h. What is the greatest common divisor of 72 and g?
24
Let o = -8 - -12. Let l be -1*2/8 - (-627)/76. Suppose 4*t = -3*g + 16, l*g = 11*g + t - 13. Calculate the greatest common factor of g and o.
4
Let j be (0 + -3 - -3) + 329/1. Let h = 11182 + -11175. Calculate the highest common divisor of h and j.
7
Let g be 4*(-4 + (78/12 - 3)). Let j(r) = -2*r**3 + 2*r**2 + 5*r + 4. Let d be j(g). What is the greatest common divisor of d and 45?
9
Suppose -2406 = -5*i + 3*y, 82 = 5*y + 92. Calculate the highest common factor of 768 and i.
96
Let h(q) = 7*q - 24. Let j be h(5). Suppose -b = 2*z - j, -2*z + 2*b + 29 = -3*b. Let u = 1 - -6. Calculate the highest common factor of z and u.
7
Suppose -12*r + 21*r - 680 = -11*r. Calculate the greatest common factor of 459 and r.
17
Let u(i) = 10*i - 105. Let g be u(11). Let a(b) = b**3 - 5*b**2 + 5*b - 7. Let j be a(g). Calculate the highest common divisor of j and 45.
9
Let y(w) = -93*w + 11316. Let l be y(115). Let t = -98 + 167. Calculate the greatest common divisor of l and t.
69
Suppose 5*i + 4*s - 22 = 0, -2*s = 4*i - 5*s + 1. Let t = i - 17. Let q be (-17 - t)/((-4)/30). What is the greatest common divisor of q and 6?
3
Suppose 5*f = 5*p + 4035, 2*f - 4019 = -3*f - 3*p. Suppose 3*h = f - 76. Suppose -n - h = -4*n. Calculate the greatest common divisor of 9 and n.
9
Suppose 11*o - 8*o + 37 = 4*w, 2*o = 10. What is the highest common factor of 26 and w?
13
Suppose 45*y - 62009 = 37621. What is the greatest common divisor of y and 328?
82
Let j be (-33)/5 - 6/15. Let c be -1 - ((-5 + 2 - -4) + j). Suppose -c*x + 134 = 3*v - 6*v, 0 = 2*x + 3*v - 62. What is the greatest common divisor of 28 and x?
28
Let a(d) = -27*d - 387. Let k be a(-19). Calculate the highest common divisor of 108 and k.
18
Let p = 128 + -88. Suppose p = -12*j + 22*j. What is the highest common divisor of j and 3?
1
Let i(f) = 5*f**